. Let x(n) = n**3 - n**2 - n. Let k(w) = -p(w) + 4*x(w). Calculate k(r).
-23
Let t be (-7900)/400 + 27/(-42)*7/(-6). Let r(x) = x**3 + 19*x**2 + 2*x + 68. Calculate r(t).
30
Let r = 17842 - 17824. Let i(g) = 5*g - 50. Give i(r).
40
Suppose -6 = -20*a + 18*a. Let c(w) = 17*w**a + 9*w**2 - 3 - 16*w**3 + 0*w**3. Determine c(-9).
-3
Suppose -4*u - 5*f - 16 = 0, u + 15 = -0*u - 4*f. Let i(w) = -6*w + 0 + 9*w + 1 - 753*w**3 - 4*w + 772*w**3. What is i(u)?
19
Let b(k) be the first derivative of 2*k**3/3 + 13*k**2/2 + 19*k - 760. Give b(-6).
13
Let q(x) = -2*x**3 + 13*x**2 + 3*x + 31. Let y be q(7). Let b(u) = u - 2. Let h(l) = -7*l**3 + l**2 + 5*l - 5. Let s(o) = y*b(o) - h(o). Determine s(-1).
-7
Suppose 115*w - 2220 = 2150. Let t(b) = -b**2 + 31*b + 266. Calculate t(w).
0
Let x(h) = -14*h + 185. Let r(m) = -7*m + 83. Let n(f) = -5*r(f) + 2*x(f). Determine n(5).
-10
Let p = -21 + 26. Let n(b) = p - 18 + 2*b + 12 + 5. Suppose 3*d = -3*q - 18, 5*q = d + 2*d + 2. Give n(d).
-4
Let y(i) be the second derivative of -22 - 17/6*i**3 + 5/2*i**2 + 2*i + 1/12*i**4. Give y(16).
-11
Let w be (-2 - 0) + 10/(-15)*-15. Let f be 104/16 + (-12)/w. Let b(u) = 2*u - 1. Determine b(f).
9
Let b(p) = 2*p + 1 + 0*p - 4*p**2 - 2*p**2. Suppose -2*u - 9 = -5. Let y be 1/u - (-3 - 28/(-8)). Determine b(y).
-7
Let h be -1*3 + (-4)/((-20)/75). Suppose 18 - h = 2*v. Let u(i) = 3*i + 0 - 1 - 3*i**3 - 4*i + 0*i**v. Calculate u(-1).
3
Let x(h) be the second derivative of 113*h - 3*h**2 - 1/2*h**3 + 1/12*h**4 + 0. What is x(7)?
22
Let t(i) = 4*i**2 - 843 + 877 - 5*i - 5*i**2. Determine t(-10).
-16
Let a = -21 + 24. Suppose -17*s + 18 = 4*m - 15*s, m - s = a. Let o(v) = v**3 - 4*v**2 + v - 3. Calculate o(m).
1
Let g(u) = -u**3 + 4*u**2 - 1. Let p = 146 + -226. Let o = 84 + p. Let w be g(o). Let m(s) = 14*s**2. What is m(w)?
14
Let p be (-1)/2 + (-163)/(-2). Suppose -l + p = 2*l. Suppose -3*r + l = 6. Let a(h) = -h + 8. What is a(r)?
1
Let p be 9776/(-442) - (264/68 + -4). Let t(f) = -5*f**2 - 109*f + 24. Determine t(p).
2
Let r(x) = -15*x**2 + 3*x - 32. Let l(i) = -17*i**2 + 3*i - 35. Let j(o) = 5*l(o) - 6*r(o). Give j(4).
85
Let k(r) be the second derivative of 0 - 5/12*r**4 - 1/2*r**2 + 0*r**3 + 268*r. Determine k(1).
-6
Let y(x) = x**2 - 21*x + 68. Let n be y(17). Let m be (1 - -1)*(-1)/(-1). Let p(u) = n*u + 0 - m*u - 3 + 6*u. Determine p(3).
9
Let w(u) = -2*u + 2. Let b(q) = -32259*q - q**3 - 2*q**2 - 6 + 5 + 32263*q. Let r be (6/4)/((-1)/2). Let h be b(r). Determine w(h).
10
Let t(j) = -24*j + 13 - 11 - 9. Let u(m) = -7*m - 2. Let s(w) = 2*t(w) - 7*u(w). Suppose c = 5*c + 20. What is s(c)?
-5
Let d(t) = -t**3 - t**2 + 2. Let a(z) = -2*z**3 + 2*z**2 + 4*z - 1. Let n(w) = -a(w) + d(w). What is n(4)?
3
Let d(i) be the second derivative of -1/12*i**4 - 11*i + 4*i**2 + 0 - 7/6*i**3. Suppose -2*o - 4*l + 3*l - 10 = 0, 0 = 4*o - 5*l + 34. What is d(o)?
14
Suppose -2 = 18*i - 20*i. Let q(z) = z**2 - 5*z + i - 3*z**2 + 4*z + 3*z**2. Let y be (3 + -4)*24/(-8). Give q(y).
7
Let b(s) = s**3 - s + 13. Let l(t) = -t**3 - 8*t**2 + 14*t + 45. Suppose 51 = -4*c - 3*j, 3*c - 6*j + 47 = -10*j. Let v be l(c). Determine b(v).
13
Let q(x) = -x**3 + 14*x**2 + 16*x - 24. Let d(j) = j**3 + 30*j**2 - 64*j - 1008. Let b be d(-31). Give q(b).
-9
Let d(c) = -c**3 + 8*c**2 - 8*c + 9. Suppose 1640 = 9*p - 14*p. Let h = p - -335. Give d(h).
2
Let l(p) = -304*p**2 + 472*p**2 - 165 + 30*p - 169*p**2. What is l(23)?
-4
Let a(r) = 3*r + 47. Let f(d) = -7*d. Let h(u) = a(u) - f(u). Determine h(-6).
-13
Let j(a) = a**3 - 34*a**2 - 388*a + 37. Let o be j(43). Let p(w) = w**2 + 5*w - 4. Calculate p(o).
2
Let y(w) = w**2. Suppose -16*c = -12*c + 12. Let v be 7 - 3/c - 2. Suppose 8*z = 5*z + v. Give y(z).
4
Let d(n) = 1018 + 845 - 1836 + n. What is d(-6)?
21
Suppose -3*o + 6 - 24 = 0. Let b(y) be the third derivative of y**4/24 + y**3 - 515*y**2. Calculate b(o).
0
Let i(l) = 7*l**2 - 5*l - 29. Let s(k) = -k**2 - k + 1. Let x(q) = -i(q) - 6*s(q). Determine x(12).
11
Let g(v) = -v**3 + 30*v**2 - 141*v - 80. Let l be g(24). Let w(o) = o**2 - 2*o - 11. Give w(l).
69
Suppose -4*w + 3*x + 25 = 0, 4*x = -2*w - 2*w + 60. Suppose -29 = -13*n + w. Let c(j) = j**2 + j + 1. Calculate c(n).
13
Let w(l) = -l**3 - 7*l**2 + l + 2. Let k(j) = -j**3 + 5. Let o be (2 - 2)*(-6)/18. Let d be k(o). Suppose d*q = 6*q + 7. Calculate w(q).
-5
Let m(a) = -2*a**2 - a - 3. Let k(i) = -3*i**2 - 2*i - 5. Let u(g) = -6*k(g) + 10*m(g). Let p = 269 - 165. Let n = 106 - p. What is u(n)?
-4
Let l(a) = 0 - 47 - 24 - 35 - 3 - 22*a. Give l(-5).
1
Let n(m) = -12*m**2 + 4*m - m**3 + 6*m**2 + 2*m**2 + 5*m**2. Determine n(0).
0
Suppose -288 = -118*h + 22*h. Let x(d) = d**3 + 2*d**2 - 7*d - 1. Calculate x(h).
23
Let z(f) = f**2 - 6*f + 6. Let h be 2 + 18/6 + -8 + 7. What is z(h)?
-2
Let t(m) = -m**2 - 7*m - 6. Suppose 0*z - 5*n - 528 = 3*z, -z - 3*n - 180 = 0. Let v = -178 - z. Calculate t(v).
-6
Let z(u) = u**2 + 7*u. Let m be (-2499)/34 - (-3)/(-2). Let o be 67/268 + (m/4)/3. Calculate z(o).
-6
Let n(a) = a**2 + 2*a - 7. Let f = 190 + -255. Let i = -70 - f. Calculate n(i).
8
Let l = -263 + 275. Let q(s) = -l + 26 - s - 12. Calculate q(7).
-5
Suppose 2*x - 4 = -4*d, 2*d + 5*x = -0*x - 14. Let a(p) = p**3 - 12*p**2 + 24*p - 33. Let r be a(10). Let i(f) = -r + f**2 + 23*f + 3 - 23*f. What is i(d)?
5
Let s(o) be the third derivative of 0 - 86*o**2 + 5/6*o**3 + 0*o + 1/8*o**4. Suppose -32 = 4*k - 0*j - 4*j, -k + 4*j = 20. What is s(k)?
-7
Let k(y) = -y - 7. Let v be (-129)/(0 + -3)*-6. Let z = v + 249. Calculate k(z).
2
Let l be (-28)/(-8) + -5 + 2/(-4). Let y(x) = x**3 - 2*x**2 - 8*x. Calculate y(l).
0
Let f(q) = 585*q**2 - 3 - 113*q**2 - 476*q**2 + 3*q. Determine f(0).
-3
Suppose 0*x - 8 = -2*c + 4*x, -3*c = -5*x - 13. Let r(m) be the first derivative of m**2 - 5*m - 489. What is r(c)?
7
Suppose 20*p = -6*p + 390. Suppose -3*i + p = -3*c - 0*i, 25 = -5*c + 4*i. Let y(v) = v**3 + 7*v**2 + 6*v + 1. Give y(c).
21
Let q(f) = -11*f - 110. Let s(u) = 23*u + 233. Let r(b) = 15*q(b) + 7*s(b). Suppose -14 = 4*h + 10. What is r(h)?
5
Let p(o) = 4*o**2 - 38829*o + 38816*o - 10 - 3*o**2 - 8. Give p(13).
-18
Let w(x) = x**2 + 68*x - 8. Let s = -13773 - -13773. What is w(s)?
-8
Let z(m) = -5*m**2 - 67*m + 13. Let f(i) = 3*i**2 + 39*i - 6. Let o(r) = 7*f(r) + 4*z(r). Determine o(-14).
136
Let u = 21 + -29. Let w(i) = i - 98. Let l(j) = -j**2 - 7*j - 107. Let q(m) = -l(m) + w(m). What is q(u)?
9
Let v = 3821/4 - 955. Let t(g) be the first derivative of -5/3*g**3 - 5/2*g**2 + 5 - v*g**4 - 4*g. What is t(-3)?
-7
Let a(m) = 55*m + 1704. Let v(z) = 82*z + 2600. Let x(u) = 8*a(u) - 5*v(u). What is x(-21)?
2
Let g(m) = -2*m**3 + 18*m**2 - 24*m - 25. Let x be g(7). Let o(a) = -3*a**2 - a. Determine o(x).
-30
Let s(t) = t**3 + 23*t**2 - 23*t + 19. Let l be -5 - 6*(63/(-27) - 22/(-4)). Give s(l).
-5
Let g(h) be the third derivative of -h**4/6 - h**3/6 + 7*h**2. Let w be g(-2). Let f(o) = 3 + 5 + o**2 - 2*o**2 + 4*o + 1. Give f(w).
-12
Let f = -4570 - -4559. Let v(d) be the first derivative of -d**3/3 - 5*d**2 - 15*d + 10. Determine v(f).
-26
Let b(h) = -25*h - 3. Let j(t) be the third derivative of -17*t**4/24 - t**3/3 + 8*t**2 + 3*t. Let w(o) = -5*b(o) + 7*j(o). What is w(1)?
7
Suppose 2*t + 2*j - 18 = 0, 2*t - 18 = j - 6*j. Let q(s) = 2*s**2 - 21*s + 17. Let l be q(t). Let h(x) = x + 4. Give h(l).
-6
Let w be (-36)/(-8) - (-8)/16. Let h(m) = -m**2 + w*m - 18*m + 6*m - 5. What is h(-5)?
5
Let m(u) = -5*u + 1. Let x(o) = -9*o + 1. Let k(z) = -11*m(z) + 6*x(z). Let i(s) = -2. Let v(t) = -7*i(t) + 3*k(t). Calculate v(6).
17
Let x(u) = u + 19. Let m(k) = 17*k + 293. Let d(i) = 2*m(i) - 30*x(i). Determine d(-7).
-12
Let v(m) = 2*m + 62. Let z be ((-4)/(-10))/((-26)/130) - 33. Give v(z).
-8
Suppose 0 = b - 12 + 26. Let o(q) = -29 + q - 5 - 3*q. Let p be o(b). Let g(u) = -u**2 - 6*u - 6. Calculate g(p).
-6
Let c(b) = b**3 + b**2 - 2*b - 6. Let a(d) = -6*d**3 - 25*d**2 - 73*d + 25. Let v(m) = -a(m) - 5*c(m). What is v(-14)?
19
Suppose -12*v + 31 = -65. Suppose 154 = v*q + 6*q. Let g(j) = -j**2 + 15*j - 38. Let k be g(q). Let f(c) = c**2 - 5*c + 4. Determine f(k).
10
Let n(w) = w**2 - 10*w - 5. Suppose 11*i - 117 + 7 = 0. Let m(d) = -d**3 - 9*d**2 - 9*d - 6. Let t be m(-8). Suppose -u = -t